4 a prime number?
False
Is 85121 composite?
False
Is 548801 a prime number?
False
Is 163018 a prime number?
False
Is 120287 composite?
True
Is 66085 prime?
False
Is 61942 a composite number?
True
Is 94933 composite?
False
Is 24571 prime?
True
Is 15653 a composite number?
True
Is 1329391 a prime number?
False
Is 14583 composite?
True
Is 1090997 prime?
True
Is 15685 a prime number?
False
Is 82633 a prime number?
True
Is 3463373 composite?
True
Is 359585 composite?
True
Is 149999 a prime number?
False
Is 2321 composite?
True
Is 1319 a composite number?
False
Is 431755 a prime number?
False
Is 232337 composite?
True
Is 1097729 composite?
False
Is 55987 composite?
False
Is 25131 composite?
True
Is 21635 composite?
True
Is 901273 composite?
False
Is 734347 prime?
True
Is 6313 a prime number?
False
Is 1060009 a composite number?
False
Is 426841 composite?
False
Is 8009 composite?
False
Is 1195189 a prime number?
True
Is 38189 a composite number?
False
Is 31547 composite?
False
Is 26443 a composite number?
True
Is 138377 a composite number?
True
Is 11731 composite?
False
Is 135221 a composite number?
False
Is 58933 a composite number?
True
Is 14437 a composite number?
False
Is 116117 prime?
False
Is 39779 prime?
True
Is 2079349 a prime number?
False
Is 82067 composite?
False
Is 12863 prime?
False
Is 23131 prime?
True
Is 4694 composite?
True
Is 268969 a composite number?
False
Is 196459 a prime number?
True
Is 103661 prime?
False
Is 60461 a composite number?
True
Is 13883 prime?
True
Is 408803 composite?
False
Is 89578 prime?
False
Is 5413 prime?
True
Is 7621 a composite number?
False
Is 45647 prime?
False
Is 24721 prime?
False
Is 58391 prime?
True
Is 513829 a composite number?
False
Is 1608801 a prime number?
False
Is 216043 composite?
True
Is 97073 a prime number?
True
Is 4369 a prime number?
False
Is 119059 a composite number?
True
Is 95987 prime?
True
Is 64747 a prime number?
True
Is 19661 a prime number?
True
Is 10801 a composite number?
True
Is 47221 composite?
False
Is 7039 a composite number?
False
Is 775417 a composite number?
False
Is 297659 prime?
True
Is 8779 a prime number?
True
Is 1945 prime?
False
Is 135143 composite?
True
Is 11369 a prime number?
True
Is 3203 prime?
True
Is 28261 composite?
True
Is 242071 a prime number?
False
Is 8513 a prime number?
True
Is 47869 composite?
False
Is 95869 prime?
True
Is 10661 a prime number?
False
Is 19619 prime?
False
Is 2903 a prime number?
True
Is 16253 composite?
False
Is 900017 a prime number?
False
Is 11299 a composite number?
False
Is 8461 prime?
True
Is 66958 prime?
False
Is 3276821 composite?
False
Is 3386 a composite number?
True
Is 9293 a prime number?
True
Is 59611 prime?
True
Is 427 composite?
True
Is 15242 a composite number?
True
Is 3607 a composite number?
False
Is 274333 composite?
False
Is 73207 a composite number?
True
Is 80915 composite?
True
Is 21083 a prime number?
False
Is 111703 a composite number?
True
Is 102343 a prime number?
False
Is 45382 a prime number?
False
Is 73673 a composite number?
False
Is 1734245 prime?
False
Is 1165579 prime?
True
Is 12723 a composite number?
True
Is 15013 a composite number?
False
Is 90251 a prime number?
False
Is 11671 composite?
True
Is 323201 a composite number?
False
Is 28019 a composite number?
False
Is 9239 a composite number?
False
Is 16921 a prime number?
True
Is 6128251 composite?
True
Is 1087 a prime number?
True
Is 495557 a composite number?
False
Is 21047 a prime number?
False
Is 1953481 a prime number?
True
Is 462239 composite?
False
Is 4861 a prime number?
True
Is 626693 a composite number?
False
Is 35671 composite?
False
Is 64709 composite?
False
Is 35141 a prime number?
True
Is 526349 a prime number?
False
Is 1360909 composite?
True
Is 18301 composite?
False
Is 240953 a composite number?
False
Is 1954 a composite number?
True
Is 179395 composite?
True
Is 3593 composite?
False
Is 179671 a prime number?
True
Is 2081 a composite number?
False
Is 10843 a prime number?
False
Is 3369409 prime?
True
Is 398681 a composite number?
False
Is 97547 a composite number?
False
Is 308447 a prime number?
True
Is 12991 composite?
True
Is 8803 composite?
False
Is 245161 a composite number?
True
Is 409933 a composite number?
False
Is 11906 a prime number?
False
Is 17249 a prime number?
False
Is 3049 a composite number?
False
Is 7229 prime?
True
Is 128591 a prime number?
True
Is 37322 a prime number?
False
Is 485 a composite number?
True
Is 118301 a composite number?
True
Is 2539 prime?
True
Is 4650053 composite?
False
Is 28751 prime?
True
Is 52667 composite?
False
Is 504113 prime?
False
Is 23663 a prime number?
True
Is 9671 prime?
False
Is 193981 a composite number?
True
Is 99445 composite?
True
Is 5147 a prime number?
True
Is 82837 prime?
True
Is 192113 composite?
False
Is 3778627 a composite number?
False
Is 30949 a composite number?
False
Is 45641 a prime number?
True
Is 5053 prime?
False
Is 55766 composite?
True
Is 21971 prime?
False
Is 1892537 a prime number?
True
Is 18697 prime?
False
Is 12601 composite?
False
Is 1304107 prime?
False
Is 3537517 a composite number?
False
Is 396809 composite?
True
Is 166885 a composite number?
True
Is 13385 composite?
True
Is 340709 composite?
False
Is 80243 composite?
True
Is 129263 prime?
True
Is 176723 prime?
False
Is 45599 a prime number?
True
Is 8409 a prime number?
False
Is 997321 a prime number?
False
Is 84629 a composite number?
False
Is 34583 a prime number?
True
Is 23131 a prime number?
True
Is 155137 a prime number?
True
Is 686617 a composite number?
True
Is 305062 a composite number?
True
Is 29657 a composite number?
True
Is 1366 prime?
False
Is 1758001 a composite number?
True
Is 103715 a composite number?
True
Is 91313 a prime number?
False
Is 781 prime?
False
Is 208094 a prime number?
False
Is 11467 a composite number?
False
Is 2099 a composite number?
False
Is 187465 composite?
True
Is 2293 a composite number?
False
Is 912157 a composite number?
True
Is 137107 a prime number?
False
Is 14979 prime?
False
Is 8371 composite?
True
Is 121787 prime?
True
Is 821 prime?
True
Is 31769 prime?
True
Is 15427 a composite number?
False
Is 1295605 prime?
False
Is 466863 a composite number?
True
Is 236261 composite?
False
Is 88463 a prime number?
True
Is 223087 a prime number?
True
Is 34721 a composite number?
False
Is 14719 a prime number?
False
Is 5714249 composite?
False
Is 3037 composite?
False
Is 3817 a prime number?
False
Is 3150815 a prime number?
False
Is 57221 composite?
False
Is 15427 composite?
False
Is 19553 composite?
False
Is 13163 a composite number?
False
Is 113149 a composite number?
False
Is 29297 a prime number?
True
Is 358235 prime?
False
Is 3449 prime?
True
Is 337 prime?
True
Is 1047367 prime?
True
Is 37661 a composite number?
True
Is 198529 a composite number?
False
Is 65999 composite?
True
Is 140879 prime?
False
Is 159961 a prime number?
False
Is 358031 a composite number?
False
Is 35633 a prime number?
False
Is 262181 a composite number?
True
Is 1326437 a prime number?
False
Is 1693 prime?
True
Is 14447 prime?
True
Is 92653 a composite number?
True
Is 64553 composite?
False
Is 3327 composite?
True
Is 134773 composite?
True
Is 107441 prime?
True
Is 140863 a prime number?
True
Is 75011 a composite number?
False
Is 104983 a composite number?
True
Is 67049 a composite number?
False
Is 2707 prime?
True
Is 17021 a prime number?
True
Is 37441 a prime number?
True
Is 471041 prime?
True
Is 22681 composite?
True
Is 5839 prime?
True
Is 450677 a prime number?
True
Is 111407 composite?
True
Is 635387 a composite number?
False
Is 21479 prime?
False
Is 1906 composite?
True
Is 157769 prime?
True
Is 109159 composite?
False
Is 206533 composite?
True
Is 232833 composite?
True
Is 7183 a composite number?
True
Is 25733 a prime number?
True
Is 353047 composite?
False
Is 316091 a prime number?
False
Is 1543 a composite number?
False
Is 2581 a composite number?
True
Is 16543 a composite number?
True
Is 21377 prime?
True
Is 51 prime?
False
Is 834893 a prime number?
True
Is 204541 a prime number?
False
Is 14969 a composite number?
False
Is 9983 composite?
True
Is 2917 a composite number?
False
Is 24689 a prime number?
False
Is 31397 a prime number?
True
Is 69205 composite?
True
Is 26021 composite?
False
Is 804